second derivative of y**5/20 - y**4/6 - y**3/6 - 5*y**2/2 - 17*y. What are the prime factors of n(u)?
23
Let v(w) = 7*w**2 - w + 1. Let b be v(1). Let y = 9 - b. Suppose 6*q - y*q = 104. List the prime factors of q.
2, 13
Let s = 13 + -10. Let g(y) = 2*y**2 - 3*y**2 + 10*y**2 - s*y + 0*y**2. List the prime factors of g(2).
2, 3, 5
Let c(q) be the second derivative of -4*q - 1/12*q**4 + 0 + 7/6*q**3 + 1/2*q**2. List the prime factors of c(5).
11
List the prime factors of -2 - ((0 - 2)*211 - -4).
2, 13
Let s(r) be the first derivative of r**2 - r + 137. Suppose 0 = 4*y, 5*h - 5*y = h + 24. What are the prime factors of s(h)?
11
Let n = 156 + 229. List the prime factors of n.
5, 7, 11
Suppose w = i + 2888, -w + 2658 = -4*i - 242. List the prime factors of w.
2, 7, 103
Let c = 121 - 121. Suppose 0 = -5*v - c*v + b + 525, -2*b = v - 116. List the prime factors of v.
2, 53
Suppose -7*k = -7861 + 1253. What are the prime factors of k?
2, 59
Suppose 3*k + 42 = 5*k. Let f = 39 + k. What are the prime factors of f?
2, 3, 5
What are the prime factors of (1 - 103)*(-35)/(-21)*-4?
2, 5, 17
Suppose -62*c + 19350 = -32*c. List the prime factors of c.
3, 5, 43
Suppose 2*z + a + 7 = 24, -3*z - 4*a = -18. Let u = z - 6. Suppose -u*j = -6*j + 6, -j + 48 = 5*c. What are the prime factors of c?
3
Suppose -3*g = -5*n - 13053, -9*g - 3*n = -11*g + 8701. What are the prime factors of g?
2, 41, 53
Let z = -9 + 6. Let f be 4/(-2) + (-3 - z). What are the prime factors of (-414)/12*f/3?
23
Suppose -2939*a = -2955*a + 34112. What are the prime factors of a?
2, 13, 41
Let q(p) = -p**2 - p + 8. Let h be q(-3). What are the prime factors of 1056/21 + h/(-7)?
2, 5
Let f(d) = -2*d**2 + 17*d + 10. Let h be f(9). Let z = h + 71. List the prime factors of z.
2, 3
Let l(x) = x**3 + 10*x**2 + 4*x - 1. Let c be (48/18 - 5)*(4 + -1). List the prime factors of l(c).
2, 59
Suppose -2*h = 5*z - 40, -37 = -3*z - h - 12. List the prime factors of z + (2 + 2 - 1).
13
Suppose 0*n + 3*w + 1694 = 5*n, 0 = -4*n - 5*w + 1333. What are the prime factors of n?
337
What are the prime factors of 0 + 53 - (12 - 3)?
2, 11
Let x be (8/2 - 3)*-5. Let u be (-4)/(-8)*-2 - x. What are the prime factors of (3/(-4))/(u/(-48))?
3
Suppose -5*a - 501 = 339. Let v(o) = 27*o + 202. Let b be v(-11). Let q = b - a. What are the prime factors of q?
73
Let w be ((-136)/(-12))/(2/6). Suppose -r = -3*r + 132. Let y = r - w. List the prime factors of y.
2
What are the prime factors of 1*545 - (-10 - -16)?
7, 11
Let g(j) = -128*j + 15. List the prime factors of g(-6).
3, 29
Let s = 44 + -42. Let z(n) = 94*n + 4. List the prime factors of z(s).
2, 3
Let p be ((-20)/8)/((-1)/(-6)). Let f = p + 13. What are the prime factors of f/(-8)*148/1?
37
Let s(m) = 4*m**2 - 6*m - 9. Let n(g) = -4*g**2 + 5*g + 8. Let p(y) = -4*n(y) - 3*s(y). List the prime factors of p(-2).
3, 5
Suppose 41*d = 46*d - 1810. What are the prime factors of d?
2, 181
Suppose 3*x + 246 = 5*g, -x + 2*g - 82 = -2*g. Let t(f) = 7*f - 6. Let h be t(-6). Let c = h - x. List the prime factors of c.
2, 17
Let n(t) = -17*t**2 + 0 - 9*t + 3 + 4. Let s be n(7). What are the prime factors of 6/(-15) + s/(-35)?
5
Let h(y) = 20*y**3 - 2*y**2 + 7*y. List the prime factors of h(3).
3, 181
List the prime factors of -2 + 832/12 + (-2)/(-3).
2, 17
What are the prime factors of 1183 - (-2 - 6 - -3)?
2, 3, 11
Suppose 0 = 6*y - 4*y - 30. Let a(q) = q**2 - 12*q - 10. List the prime factors of a(y).
5, 7
Suppose -4*x + 4*b - 3*b + 416 = 0, -5*x - 5*b = -545. List the prime factors of x.
3, 5, 7
Suppose -c = 4*j - 21, -5 = 2*j + 3*j - 5*c. Suppose j*g - g = 186. What are the prime factors of g?
2, 31
Suppose 2*b - 1741 = -3*m, -5*m + 3*m - b = -1161. What are the prime factors of m?
7, 83
Let y(g) = -g**3 + 46*g**2 + 37*g + 103. List the prime factors of y(44).
13, 431
Let q = -112 - -15. Let m = 139 + q. List the prime factors of 5/(-20) + m/8.
5
Suppose 609 = 12*b - 9*b. List the prime factors of b.
7, 29
Suppose -920 = -5*r - 5*p, -7*r - 5*p = -9*r + 396. List the prime factors of r.
2, 47
Suppose 3*h - 2881 = -5*y, 2*h + h - 2851 = y. List the prime factors of h.
2, 7, 17
Let n = 201 + -167. What are the prime factors of n?
2, 17
Suppose 0 = -2*f - 2*v + 614, 4*f = 5*v - 169 + 1388. List the prime factors of f.
2, 3, 17
Suppose 3*m + 3490 = 8*m + 2*y, -5*m = 3*y - 3490. What are the prime factors of m?
2, 349
What are the prime factors of 18/(-8)*(-1)/((-4)/(-96))?
2, 3
Suppose 0 = -2*v + 8, v + 4 = 5*r - 3*r. Suppose -r*y = 5*y - 2628. What are the prime factors of y?
2, 73
Let o(m) = 19*m + 916. What are the prime factors of o(62)?
2, 3, 349
Suppose 2*p + 0*p + 4*a = -54, -84 = 2*p - 2*a. Let g = 49 + p. What are the prime factors of g?
2, 3
Suppose 0 = 4*j + 4, 0 = -u + 6*j - 11*j + 264. What are the prime factors of u?
269
Let u(n) = -32*n**3 + 12*n**2 + 5*n - 17. What are the prime factors of u(-5)?
2, 2129
Let m(r) = 3*r**2 - r + 71. List the prime factors of m(-28).
3, 19, 43
Let d = 3 + -6. Let g(s) = -s**3 - 3*s**2 - 2*s - 3. Let h be g(d). Let b = 14 + h. List the prime factors of b.
17
Suppose -d + 5*m = -156, 8*d - 206 = 7*d - 5*m. List the prime factors of d.
181
Let l = 86 + 242. List the prime factors of l.
2, 41
Let k(s) = s**2 + s - 35. Let i be k(-6). Let r be ((-12)/10)/((-1)/(-10)). Let v = i - r. What are the prime factors of v?
7
Let y = 35 + -33. List the prime factors of 491/7 + y/(-14).
2, 5, 7
Let p(y) = 2*y**3 + y**2 + 2*y + 1. Suppose 0 = -w - 0 - 2. Let c be p(w). Let l = -7 - c. What are the prime factors of l?
2
Let z(h) = -5*h**3 + 8*h**2 + h - 2. What are the prime factors of z(-6)?
2, 5, 17
Let k = 12 + -7. Suppose 0*q - 30 = -k*q. List the prime factors of (-2)/(-3) + 38/q.
7
Suppose -4*c - 650 = c. Let m = 245 + c. Suppose -5*s + m = -0*s. List the prime factors of s.
23
Let q = -2678 + 3879. List the prime factors of q.
1201
Let g(h) = 3*h + 2. Let y(d) = d**2 + 6*d + 2. Let f be y(-7). List the prime factors of g(f).
29
Let r be (4 + 55/(-10))*2. Let h(d) = -9*d - 10. What are the prime factors of h(r)?
17
What are the prime factors of 0 + 2 - 4 - (-1 - 507)?
2, 11, 23
Suppose -4 = -4*q, -10*d + 12*d - 5328 = -4*q. List the prime factors of d.
2, 11
Let x = -16 - -23. Suppose 5*f + 3*t + 16 = 4, x = -f + 4*t. What are the prime factors of f - (-28 - -2 - 1)?
2, 3
Let n(u) = 4*u**3 - 4*u**2 + 15*u + 22. List the prime factors of n(8).
2, 967
Suppose -37*q = -47*q + 30610. What are the prime factors of q?
3061
Let k(z) = 160*z - 84. What are the prime factors of k(2)?
2, 59
Let i = 2 - -125. Suppose -q - 5*y = -47 - 21, -y = 2*q - i. Let b = q - -6. What are the prime factors of b?
3, 23
Suppose z - 15 - 5 = -4*q, 2*z - 16 = -2*q. Suppose 361 = 5*p - p + a, 4*a = -q*p + 352. What are the prime factors of p?
7, 13
Let i = 203 + -201. Let j(v) = 5*v + 3 + 3 - 4. List the prime factors of j(i).
2, 3
Let d be ((-3)/9)/(1/3). Let r = -19 + d. Let c = 12 - r. What are the prime factors of c?
2
Suppose 554 - 14 = 6*y. Suppose 6*p + y = 11*p. Suppose p = -5*h + 183. What are the prime factors of h?
3, 11
Let h = -6647 + 9530. List the prime factors of h.
3, 31
Suppose 2*j - 9 = 1. Let g be 428/2 - (-2 - -3). Suppose 3*o - 42 = -j*c + 101, 5*o = -2*c + g. What are the prime factors of o?
41
Let q(h) = h**3 + 15*h**2 - 24*h - 36. What are the prime factors of q(-15)?
2, 3
Let u(y) = y**2 - 5*y - 9. Let m be u(7). Suppose -2*s - 3*f = -144, -3*s + 5*s + m*f = 144. List the prime factors of s.
2, 3
Let r = -155 + 240. List the prime factors of r.
5, 17
Suppose -l + 1421 - 811 = 4*n, 0 = 3*l + 4*n - 1846. What are the prime factors of l?
2, 3, 103
Let k(h) = -h**2 + h - 5. Let y(a) = -5. Let l(i) = 4*k(i) - 5*y(i). Let o be l(-4). List the prime factors of o/(-10) - (-6)/(-4).
2, 3
Let x = -6724 - -11313. List the prime factors of x.
13, 353
Suppose 8*j = 4*j. Suppose j = -4*t - 23 + 83. Let v = t + -8. List the prime factors of v.
7
Let h = -618 - -968. List the prime factors of h.
2, 5, 7
Let x = 3 - 1. Suppose 3*f = -x*f. Suppose f*t - 4 = 2*t, -3*d = t - 55. List the prime factors of d.
19
Let n(d) = -2*d**2 - 9*d - 4. Let x be n(-3). Suppose x*l + 2*l - 1351 = 0. List the prime factors of l.
193
Let s be (-1)/5 + 130/25. Suppose -s*t = -11 - 